 - l - 143 = 0. What is the tens digit of r?
3
Let a(q) = 10 + 5 - 2 + 5*q - 4*q. Let o be a(-10). Suppose -o*i + 84 = -156. What is the tens digit of i?
8
Let t(o) = -5*o - 73. Let r be t(-15). Suppose 0*a = -3*a + 2*x + 1106, r*a - 712 = -5*x. What is the hundreds digit of a?
3
Let v(a) = -a + 47. Let q be v(7). Let x = 179 + q. What is the hundreds digit of x?
2
Suppose -547632 = -46*b - 68235 + 473309. What is the units digit of b?
1
Suppose i = 5*y + 818, 5*i - y - 3998 = y. Suppose 26*t = -16*t + i. What is the tens digit of t?
1
Let c(a) = 5*a - 5. Let o be c(27). Let t = 426 - o. What is the tens digit of t?
9
Suppose 5 = 4*r - 6*d + d, 4 = 5*r - 4*d. What is the units digit of (-10318)/(-33) - (r + 2/(-6))?
3
Let g(r) = -3*r**2 + r + 5. Let i be g(5). Let k be 13/i*(-3*1 + -2). What is the tens digit of -1*k*(-1 + 83/(-1))?
8
Let r(b) = -184*b**2 + 9*b - 11. Let d be r(-3). Let f = d + 3335. What is the units digit of f?
1
What is the hundreds digit of 7 - (18 + -17)*-13539?
5
Let w be (-2)/(2/(-12)*3). Let m(o) = -o**3 - 9*o**2 - 8*o + 5. Let k be m(-6). What is the units digit of (3 - k/(-15))*(-30)/w?
5
Let l = -12678 - -21732. What is the tens digit of l?
5
Suppose -5*g = 1 + 4. Let u be (g + 5)/(-4) + 6. Let c = u - -15. What is the tens digit of c?
2
Let f(b) = -1022*b**2 - 4*b**3 + b - 2 + 2030*b**2 - 1017*b**2. Let l(w) = -w**2 - 3*w + 6. Let n be l(-5). What is the hundreds digit of f(n)?
1
Let f = -248 - -386. Suppose -4*p - 3*n + 2478 = -4365, -n - 5116 = -3*p. Suppose f = 9*c - p. What is the tens digit of c?
0
Suppose 31*h + 734464 = 107*h. What is the hundreds digit of h?
6
Let c = 31803 - 25748. What is the tens digit of c?
5
Let w(v) = -1020*v + 146. What is the thousands digit of w(-7)?
7
Let a(v) = -v**2 - 15*v - 26. Let p be a(-13). Suppose 6*d - 20*d + 8288 = p. Suppose 4*k + d = 8*k. What is the units digit of k?
8
Let q(r) be the second derivative of -r**3/6 + 23*r. Let s(a) = -a**2 - 6*a + 8. Let x(l) = -2*q(l) + s(l). What is the units digit of x(-5)?
3
Suppose 2*d - d + 1855 = -s, -2*s = 4*d + 3716. Let n = -806 - s. What is the thousands digit of n?
1
Suppose -277*r + 13514681 = 158*r - 413149. What is the thousands digit of r?
2
Let z be -2*(6 - 2755/10). Let c = 894 - z. What is the hundreds digit of c?
3
Let i = 502 - 424. What is the units digit of i/(-65) - 6888/(-15)?
8
Let a be (-7)/4*728/14. Let d = 127 - a. What is the units digit of d?
8
Suppose 25*m - 7744 = 66881. What is the hundreds digit of m?
9
Suppose -10*m + 306 = -44. Suppose -m*t = -40*t + 1840. What is the tens digit of t?
6
Suppose 16 = 3*n + 2*l, 0 = -4*n - 5*l - 14 + 40. Suppose s = -327*s + 59*s + 2690. What is the units digit of 8/n*205/s?
1
Let n = -577 + 324. Let w = n + 446. What is the units digit of w?
3
Suppose b - 422 = 5*f, 6*f - 5*f = 1. Let u = 745 + b. What is the units digit of u?
2
Let z(m) = 3*m**3 - 2*m**2 - 2*m - 7. Let y(t) = 2*t**3 - 2*t**2 - 2*t - 6. Let q(k) = 5*y(k) - 4*z(k). What is the hundreds digit of q(-5)?
2
Let u = 3960 + 46. What is the tens digit of u?
0
Let z be ((-70)/(-2)*-1 + -2)*1. Let d = -47 - z. What is the tens digit of d/4*888/(-20)?
1
Let o(j) = 20*j**2 + 42*j - 540. What is the thousands digit of o(11)?
2
What is the hundreds digit of 376212/18 - (-17)/51?
9
Let g(v) = 2*v**3 + 7*v**2 - 3*v + 7. Let y(i) = i**3 + 6*i**2 + 5*i + 4. Let r be y(-5). What is the units digit of g(r)?
5
What is the hundreds digit of (9/(-5))/(5*18/(-999450))?
9
Let o = 180 - -44. Suppose 0*w - 226 = -4*i + 3*w, 4*i = 4*w + o. What is the units digit of i?
8
Let b(m) = -586*m + 84. Let j be b(-6). What is the tens digit of ((-6)/(-24)*2)/(4/j)?
5
Let x(a) = 27344*a**3 + a**2 + 48*a - 51. What is the ten thousands digit of x(1)?
2
Let x = -4809 - -27655. What is the ten thousands digit of x?
2
Let x = 3 + 8. Suppose -23 = -5*o + z - 2*z, 5*o = 3*z + x. Suppose 10*y - 270 = o*y. What is the tens digit of y?
4
Let u = 749 - 743. Suppose -3*n + k + 3825 = 0, -u*k + k - 1289 = -n. What is the hundreds digit of n?
2
Suppose -2 + 22 = 10*j. Suppose 2*m = t - 27, j*t + m - 20 = 29. Suppose 2*p - 90 = -4*g - 0*p, 3*p = -g + t. What is the units digit of g?
2
Let c = 5095 - -29351. What is the thousands digit of c?
4
Let b(d) = 16*d**3 - 90*d**2 - 10*d - 118. What is the tens digit of b(15)?
8
Suppose 3089*p - 924 = 3088*p - 345. What is the hundreds digit of p?
5
Suppose -58*o - 37*o + 1003458 = -8*o. What is the ten thousands digit of o?
1
What is the units digit of 16/(-2) + (-1287)/(-117) + (0 - -16790)?
3
Suppose 174*u = 163*u + 6853. Suppose 3*t - u = -2*x, -3*t + 7*t + x - 839 = 0. What is the units digit of t?
1
What is the units digit of (10290/(-28))/(-35)*9150/((-6)/(-2))?
5
Let j = -389 + 401. What is the tens digit of -2 + 21/j - 140621/(-116)?
1
Let y = 5333 + -388. What is the units digit of y?
5
What is the units digit of 5192319/230 - (-9)/(-30)?
5
Suppose -4*z = -2*m - 5850, -z - m = 1157 - 2627. What is the tens digit of z?
6
Let u(h) = -h**3 - 4*h**2 + 23*h - 13. Let o(v) = -v**3 + 7*v**2 + 9*v - 18. Let a be o(8). What is the units digit of u(a)?
7
Suppose -1119 = 10*j + 31. Let x = -98 + 267. Let q = x + j. What is the tens digit of q?
5
Let g = 4044 + -2737. What is the hundreds digit of g?
3
Suppose 3*y + 28451 = 3*f - 1951, 0 = 4*f + 5*y - 40482. What is the hundreds digit of f?
1
What is the thousands digit of ((-7)/1)/77 - 499494/(-66)?
7
Let o(m) = -55*m - 27. Let j(i) = -13*i + 37. Let x be j(3). What is the units digit of o(x)?
3
Let j(o) = 3*o**2 + 15*o - 12. Let w = -50 + 49. Let p be (w - -2)/(15/(-135)). What is the tens digit of j(p)?
9
Let a = -4195 - -15771. What is the tens digit of a?
7
Suppose -3*b = 15, 3*s - 4*b - 1 = -2*b. Let o be -3 + 8 + s/1. What is the units digit of (o*(-2)/(-8))/(1/186)?
3
Let s = 215 + -186. Suppose -b - 106 = -x - s, 0 = 5*x + 2*b - 406. What is the units digit of x?
0
Let u = 8958 + 12714. What is the hundreds digit of u?
6
Let y = -7 + 5. Let s be (-17)/(-34) - (-6)/(-12). What is the tens digit of (s - y) + -2 - -51?
5
Let n be (-1)/((-2)/31838) + -3 + 0. Suppose -37*g = -14*g - n. What is the hundreds digit of g?
6
Let f(b) = 24*b + 11. Let z be f(9). Let w = z - -9. What is the tens digit of w?
3
Let s(n) = -3*n - 384*n**2 + 1 + 396*n**2 + 2. Suppose 4*h - 8 = 2*h. What is the tens digit of s(h)?
8
Let o(t) = 3*t**3 + 2*t**2 - 9*t - 3. Let i be o(4). Let j = -155 + i. What is the units digit of j?
0
Let u = 27883 + -11485. What is the units digit of u?
8
Suppose -5*r + 2927 = -1073. Let z be 4/(-16)*(-2 - r)*-2. Let c = z - -674. What is the units digit of c?
3
What is the tens digit of ((-4)/(8/3))/((-7)/56154)?
3
Suppose 4*r + 5*n - 270 = 0, n = 4*r + 4*n - 266. Let c = -15 - -158. Let f = c - r. What is the tens digit of f?
7
Let o be (115/4)/(6/504) - 1. Let v = -838 + o. What is the units digit of v?
6
Let i be (-69)/(-15) - 6/10. Let s(t) = -t**3 + 4*t**2 + 2*t - 4. Let a be s(i). Suppose -3*b = -b - a. What is the units digit of b?
2
Let l = 5793 + -2750. What is the hundreds digit of l?
0
Suppose 0 = 12*r - 8*r - 8. Suppose -t = -r*q + 9, -4*t + 2*q - 3 = 5*q. What is the units digit of ((-45)/5 - -3)/t?
2
Let r = 103 - 61. Let a = r + -42. What is the hundreds digit of a + 194 + (13 - 17)?
1
Suppose -3*u = -b - 9, -5*b - 4*u = -u - 27. Let p(m) = -47*m + 2 - 9*m**2 + 24*m + 32*m + 2*m**b. What is the hundreds digit of p(6)?
1
Let a(i) = -321*i + 22. Let k be a(-5). Suppose -3*b + 1121 = -k. Suppose 0*t - 2*t + v = -462, 4*t = -2*v + b. What is the units digit of t?
0
Suppose -11*p = -9*p + 10. What is the tens digit of (834 - p)*(-10)/(-10)?
3
Let l be ((-10)/(-8))/(12/144). Suppose 4*j - 1057 = -12*f + l*f, 5*j = 2*f + 1316. What is the units digit of j?
2
Let h be (48/14)/(30/105). What is the hundreds digit of (h + (-5160)/9)*(-3)/2?
8
Suppose 5*u + 4*y - 139106 = 0, 0 = 4*u - 3*y - 42355 - 68967. What is the hundreds digit of u?
8
Suppose -6*x - 2 = -32. Suppose 4*f - 4*w + 7*w - 5 = 0, -w = x. What is the units digit of f?
5
Let j be (2/(-1) + 12)/(5/5). What is the hundreds digit of 141*6/j*(-20)/(-6)?
2
Let p = 78853 + -50321. What is the hundreds digit of p?
5
Suppose 0 = j + 4*b - 2406, 7*b + 4806 = 2*j + 9*b. Let u = -1323 + j. W